late the greatest common factor of 3016 and 3224.
104
Calculate the greatest common divisor of 452653 and 1047.
349
What is the greatest common factor of 375128 and 624?
104
Calculate the highest common factor of 98097 and 57.
57
Calculate the highest common factor of 52 and 1140.
4
Calculate the highest common divisor of 72743 and 10114.
389
What is the highest common factor of 57021 and 164880?
687
What is the highest common divisor of 13502 and 1161?
43
What is the greatest common divisor of 184158 and 4?
2
Calculate the highest common divisor of 986 and 58.
58
What is the highest common factor of 82100 and 3200?
100
What is the highest common divisor of 499828 and 56?
28
Calculate the highest common divisor of 9640 and 415725.
1205
Calculate the highest common factor of 6720 and 189.
21
What is the highest common factor of 280 and 33544?
56
Calculate the highest common divisor of 1920138 and 2585.
517
Calculate the highest common divisor of 19920 and 1185.
15
Calculate the greatest common divisor of 224 and 1050.
14
What is the greatest common factor of 148220 and 180?
20
Calculate the greatest common factor of 135 and 3195.
45
What is the highest common factor of 65494 and 1832?
458
Calculate the greatest common factor of 900 and 3570.
30
What is the greatest common divisor of 47550 and 1200?
150
What is the greatest common divisor of 11134 and 190?
38
What is the greatest common factor of 36237 and 1363?
47
Calculate the highest common divisor of 1035 and 2392.
23
Calculate the greatest common divisor of 738 and 42912.
18
Calculate the highest common factor of 20066 and 948.
158
Calculate the highest common divisor of 680 and 400.
40
Calculate the highest common divisor of 5905 and 10.
5
Calculate the highest common factor of 7227 and 243.
9
Calculate the greatest common factor of 2534 and 163262.
362
Calculate the greatest common divisor of 440 and 1143868.
44
Calculate the greatest common divisor of 15904 and 21371.
497
Calculate the greatest common divisor of 124 and 1275309.
31
Calculate the highest common divisor of 230 and 76981.
23
Calculate the greatest common divisor of 3470 and 680.
10
What is the greatest common divisor of 1909154 and 757?
757
What is the highest common factor of 35208 and 1026?
54
What is the highest common factor of 282 and 81498?
282
What is the highest common factor of 223263 and 9?
9
What is the highest common factor of 15 and 6804645?
15
Calculate the highest common factor of 5700444 and 12.
12
What is the highest common factor of 8063 and 351107?
733
Calculate the highest common divisor of 1070220 and 10.
10
What is the greatest common factor of 92001 and 1911?
273
Calculate the greatest common factor of 252 and 9268.
28
What is the greatest common divisor of 286 and 4992?
26
What is the highest common divisor of 19186 and 1448?
362
Calculate the highest common divisor of 2475 and 10.
5
Calculate the greatest common divisor of 667 and 759394.
29
What is the greatest common divisor of 54162 and 4602?
354
Calculate the highest common factor of 2010543 and 37.
37
Calculate the highest common divisor of 24769 and 17.
17
Calculate the highest common divisor of 7962 and 138.
6
Calculate the greatest common factor of 152 and 35074.
38
What is the highest common factor of 255648 and 48?
48
Calculate the greatest common divisor of 61194 and 2397.
141
Calculate the greatest common divisor of 8703 and 45.
9
What is the greatest common factor of 5694 and 145854?
438
Calculate the greatest common divisor of 1270760 and 40.
40
Calculate the greatest common divisor of 10920 and 59540.
260
Calculate the greatest common divisor of 44236 and 8.
4
What is the highest common factor of 247 and 232180?
247
Calculate the highest common divisor of 8001 and 10287.
1143
What is the highest common factor of 2 and 377?
1
What is the greatest common factor of 19000 and 285?
95
Calculate the greatest common divisor of 3159 and 4173.
39
Calculate the highest common factor of 140 and 129520.
20
Calculate the highest common divisor of 51 and 36346.
17
What is the greatest common factor of 10896 and 12?
12
What is the greatest common divisor of 610203 and 11?
11
What is the greatest common factor of 8 and 95996?
4
What is the greatest common divisor of 540 and 3056184?
108
What is the highest common divisor of 194530 and 60760?
490
What is the highest common divisor of 42065 and 940?
235
What is the greatest common factor of 314955 and 135?
135
What is the highest common factor of 46 and 862?
2
Calculate the highest common divisor of 26447 and 106.
53
What is the highest common divisor of 384792 and 72?
24
What is the highest common divisor of 45 and 27465?
15
Calculate the greatest common factor of 6255 and 2853.
9
Calculate the highest common factor of 225 and 6615.
45
Calculate the highest common factor of 58356 and 36.
36
Calculate the highest common divisor of 16353 and 115.
23
What is the greatest common factor of 40677 and 105?
21
Calculate the greatest common divisor of 2652 and 1118.
26
Calculate the greatest common divisor of 5 and 5933755.
5
What is the highest common divisor of 375 and 329625?
375
What is the greatest common divisor of 1715 and 318500?
245
Calculate the greatest common factor of 16 and 27381.
1
Calculate the greatest common factor of 1925 and 154.
77
What is the greatest common divisor of 4606 and 1218?
14
Calculate the highest common divisor of 15675 and 150.
75
What is the highest common divisor of 3496 and 200?
8
What is the highest common factor of 190200 and 264?
24
Calculate the greatest common divisor of 131012 and 84.
28
What is the greatest common divisor of 460 and 13363?
23
What is the greatest common factor of 3600 and 551520?
720
Calculate the highest common divisor of 102335 and 124490.
1055
What is the greatest common factor of 36 and 3067176?
12
Calculate the highest common factor of 1062 and 3474.
18
Calculate the greatest common factor of 116 and 136648.
116
What is the highest common factor of 10087 and 847?
77
Calculate the highest common factor of 37350 and 990.
90
What is the greatest common factor of 1387 and 7519?
73
What is the highest common divisor of 2368 and 7141?
37
Calculate the greatest common divisor of 65378 and 4718.
674
What is the greatest common divisor of 548646 and 126?
42
Calculate the greatest common divisor of 173964 and 171.
57
Calculate the highest common divisor of 4069 and 45698.
313
Calculate the greatest common factor of 31966 and 99.
11
What is the greatest common divisor of 4465 and 190?
95
What is the highest common divisor of 3366 and 693?
99
What is the greatest common divisor of 10097 and 230?
23
Calculate the highest common divisor of 221 and 1625.
13
What is the greatest common factor of 637808 and 32?
16
What is the highest common divisor of 10767 and 1887?
111
Calculate the greatest common factor of 210 and 19341.
21
Calculate the highest common divisor of 279188 and 2065.
413
Calculate the greatest common divisor of 475 and 100.
25
What is the highest common factor of 4263 and 9555?
147
Calculate the greatest common divisor of 6156 and 608.
76
Calculate the highest common factor of 8337 and 168.
21
Calculate the greatest common factor of 355 and 231602.
71
Calculate the greatest common divisor of 3400 and 24200.
200
Calculate the highest common divisor of 6580 and 33180.
140
Calculate the greatest common divisor of 103 and 588439.
103
What is the greatest common factor of 17213 and 189?
7
Calculate the greatest common divisor of 588 and 797034.
294
What is the highest common factor of 183 and 201?
3
Calculate the highest common divisor of 8604 and 30.
6
What is the greatest common divisor of 528 and 20658?
66
What is the greatest common factor of 253441 and 19?
19
What is the greatest common divisor of 1516273 and 449?
449
Calculate the highest common divisor of 341 and 9920.
31
Calculate the highest common divisor of 6 and 2388.
6
Calculate the highest common divisor of 28 and 256788.
28
What is the greatest common divisor of 24680 and 200?
40
Calculate the highest common divisor of 2437632 and 288.
288
Calculate the highest common factor of 7890 and 41291.
263
Calculate the highest common divisor of 248872 and 416.
104
Calculate the highest c